mainder when 177 is divided by 95.
82
Calculate the remainder when 513 is divided by 13.
6
What is the remainder when 136 is divided by 70?
66
What is the remainder when 57 is divided by 1?
0
What is the remainder when 351 is divided by 54?
27
Calculate the remainder when 778 is divided by 112.
106
Calculate the remainder when 1329 is divided by 18.
15
Calculate the remainder when 1371 is divided by 49.
48
Calculate the remainder when 543 is divided by 8.
7
Calculate the remainder when 249 is divided by 11.
7
Calculate the remainder when 273 is divided by 94.
85
Calculate the remainder when 1516 is divided by 610.
296
Calculate the remainder when 5025 is divided by 56.
41
Calculate the remainder when 38 is divided by 8.
6
What is the remainder when 3629 is divided by 11?
10
What is the remainder when 196 is divided by 52?
40
What is the remainder when 104 is divided by 47?
10
Calculate the remainder when 2770 is divided by 9.
7
Calculate the remainder when 419 is divided by 14.
13
Calculate the remainder when 188 is divided by 71.
46
Calculate the remainder when 7 is divided by 3.
1
Calculate the remainder when 37 is divided by 14.
9
Calculate the remainder when 77 is divided by 18.
5
Calculate the remainder when 1365 is divided by 675.
15
What is the remainder when 386 is divided by 30?
26
Calculate the remainder when 1313 is divided by 47.
44
Calculate the remainder when 40 is divided by 13.
1
Calculate the remainder when 30315 is divided by 93.
90
What is the remainder when 491 is divided by 41?
40
Calculate the remainder when 1419 is divided by 349.
23
Calculate the remainder when 2045 is divided by 108.
101
What is the remainder when 83 is divided by 29?
25
What is the remainder when 1528 is divided by 474?
106
What is the remainder when 1015 is divided by 1004?
11
Calculate the remainder when 141 is divided by 5.
1
What is the remainder when 5631 is divided by 91?
80
Calculate the remainder when 2980 is divided by 426.
424
What is the remainder when 134 is divided by 46?
42
Calculate the remainder when 166 is divided by 17.
13
What is the remainder when 247 is divided by 12?
7
What is the remainder when 1333 is divided by 23?
22
Calculate the remainder when 2294 is divided by 121.
116
Calculate the remainder when 612 is divided by 12.
0
What is the remainder when 3187 is divided by 10?
7
Calculate the remainder when 130 is divided by 10.
0
Calculate the remainder when 425 is divided by 183.
59
What is the remainder when 7738 is divided by 20?
18
What is the remainder when 1462 is divided by 77?
76
What is the remainder when 512 is divided by 43?
39
Calculate the remainder when 79 is divided by 20.
19
What is the remainder when 12180 is divided by 8?
4
What is the remainder when 369 is divided by 2?
1
What is the remainder when 8010 is divided by 68?
54
What is the remainder when 121 is divided by 53?
15
Calculate the remainder when 1365 is divided by 50.
15
Calculate the remainder when 139 is divided by 49.
41
Calculate the remainder when 28 is divided by 11.
6
Calculate the remainder when 636 is divided by 9.
6
What is the remainder when 82 is divided by 55?
27
Calculate the remainder when 641 is divided by 298.
45
Calculate the remainder when 642 is divided by 46.
44
Calculate the remainder when 618 is divided by 75.
18
What is the remainder when 39301 is divided by 289?
286
What is the remainder when 34 is divided by 2?
0
What is the remainder when 1038 is divided by 65?
63
What is the remainder when 134 is divided by 34?
32
Calculate the remainder when 889 is divided by 302.
285
Calculate the remainder when 966 is divided by 67.
28
What is the remainder when 227 is divided by 4?
3
What is the remainder when 191 is divided by 46?
7
What is the remainder when 348 is divided by 7?
5
Calculate the remainder when 281 is divided by 48.
41
Calculate the remainder when 9160 is divided by 17.
14
Calculate the remainder when 61 is divided by 36.
25
Calculate the remainder when 256 is divided by 81.
13
What is the remainder when 1376 is divided by 201?
170
What is the remainder when 145 is divided by 38?
31
Calculate the remainder when 206 is divided by 52.
50
What is the remainder when 2601 is divided by 93?
90
What is the remainder when 745 is divided by 164?
89
What is the remainder when 336 is divided by 94?
54
Calculate the remainder when 279 is divided by 57.
51
What is the remainder when 1048 is divided by 176?
168
What is the remainder when 356 is divided by 52?
44
Calculate the remainder when 144 is divided by 45.
9
What is the remainder when 199 is divided by 4?
3
What is the remainder when 330 is divided by 31?
20
What is the remainder when 684 is divided by 56?
12
Calculate the remainder when 385 is divided by 16.
1
What is the remainder when 293 is divided by 112?
69
What is the remainder when 503 is divided by 63?
62
What is the remainder when 418 is divided by 58?
12
What is the remainder when 482 is divided by 4?
2
What is the remainder when 207 is divided by 70?
67
What is the remainder when 210 is divided by 113?
97
What is the remainder when 7750 is divided by 12?
10
Calculate the remainder when 448 is divided by 91.
84
Calculate the remainder when 44 is divided by 6.
2
What is the remainder when 1008 is divided by 269?
201
What is the remainder when 645 is divided by 128?
5
Calculate the remainder when 101 is divided by 12.
5
Calculate the remainder when 294 is divided by 99.
96
Calculate the remainder when 458 is divided by 77.
73
What is the remainder when 1676 is divided by 43?
42
Calculate the remainder when 22 is divided by 12.
10
What is the remainder when 359 is divided by 52?
47
Calculate the remainder when 73 is divided by 31.
11
Calculate the remainder when 167 is divided by 42.
41
What is the remainder when 156 is divided by 54?
48
Calculate the remainder when 293 is divided by 109.
75
What is the remainder when 747 is divided by 22?
21
What is the remainder when 837 is divided by 65?
57
Calculate the remainder when 27 is divided by 9.
0
What is the remainder when 389 is divided by 126?
11
Calculate the remainder when 59 is divided by 41.
18
Calculate the remainder when 700 is divided by 210.
70
What is the remainder when 351 is divided by 52?
39
Calculate the remainder when 74 is divided by 20.
14
What is the remainder when 2046 is divided by 76?
70
Calculate the remainder when 798 is divided by 396.
6
What is the remainder when 444 is divided by 121?
81
What is the remainder when 1220 is divided by 250?
220
What is the remainder when 1054 is divided by 147?
25
Calculate the remainder when 558 is divided by 26.
12
Calculate the remainder when 304 is divided by 166.
138
What is the remainder when 133 is divided by 21?
7
What is the remainder when 335 is divided by 170?
165
Calculate the remainder when 58498 is divided by 130.
128
Calculate the remainder when 350 is divided by 22.
20
Calculate the remainder when 663 is divided by 48.
39
What is the remainder when 1337 is divided by 185?
42
Calculate the remainder when 87 is divided by 76.
11
Calculate the remainder when 3194 is divided by 9.
8
What is the remainder when 394 is divided by 19?
14
Calculate the remainder when 1431 is divided by 131.
121
What is the remainder when 3703 is divided by 19?
17
Calculate the remainder when 278 is divided by 228.
50
Calculate the remainder when 318 is divided by 105.
3
What is the remainder when 95 is divided by 34?
27
What is the remainder when 121 is divided by 14?
9
Calculate the remainder when 11 is divided by 4.
3
Calculate the remainder when 85 is divided by 58.
27
What is the remainder when 82 is divided by 70?
12
Calculate the remainder when 252 is divided by 118.
16
Calculate the remainder when 989 is divided by 94.
49
Calculate the remainder when 3841 is divided by 1905.
31
Calculate the remainder when 485 is divided by 15.
5
What is the remainder when 177 is divided by 12?
9
What is the remainder when 738 is divided by 93?
87
What is the remainder when 399 is divided by 49?
7
What is the remainder when 322 is divided by 82?
76
Calculate the remainder when 11 is divided by 9.
2
Calculate the remainder when 140 is divided by 51.
38
Calculate the remainder when 4518 is divided by 34.
30
Calculate the remainder w